+ -1 + 1.
-3
Evaluate 6 - (6 + 9 + -4) - -7.
2
Evaluate -2 + (-1 - 2) + 7 + -5.
-3
What is the value of -2 - -3 - 1 - 4?
-4
What is (12 - 10 - (-2 - 1)) + -1?
4
Calculate -4 + (-8 - -5) + 9.
2
What is 3 + -1 - (-11 - (-20 + 8))?
1
Calculate -21 - (-23 + 12) - -19.
9
Evaluate (-6 - 0) + 11 + -5 - -5.
5
What is the value of 1 - (3 + -4 + 0)?
2
Calculate -5 - (-6 - -7 - 8).
2
Evaluate -5 - (-44 - -40 - (1 + -1)).
-1
(-1 - 1) + (10 - (9 + -2))
1
(2 - -1 - (5 + -2)) + 6
6
0 - (-1 - 1) - (49 - 50)
3
-17 + 19 + (1 - (1 + -1))
3
What is 4 + (-8 + 0 + 4 - -2)?
2
What is the value of -7 + -1 - (3 - (0 + 7))?
-4
What is the value of -8 - -5 - (2 - 11)?
6
Evaluate 0 - (-4 - (2 + -6)).
0
What is -1 - (-6 + (-1 - -4)) - -5?
7
Evaluate 28 + -34 - (-13 - -4).
3
Calculate 4 - (4 + 3) - (-7 - -7).
-3
Evaluate 9 + -10 + 1 + 1.
1
Evaluate 61 + -58 + (1 + 0 - 2).
2
Calculate (6 - 11) + (-5 - -5 - -2).
-3
Calculate 1 - (2 - -1 - (-15 - -21)).
4
What is the value of 9 - ((-14 - -4) + 10)?
9
(6 - (-2 + 0)) + -3 + -3
2
Evaluate (4 - -4) + -5 + 0.
3
What is -4 + -2 + 14 + -5 + 5?
8
What is (2 - 1) + -1 + 2 + -3?
-1
Calculate -3 + -4 + 2 + 7.
2
Calculate 2 - 2 - 16 - (22 + -28).
-10
Calculate 3 - (3 - (-2 - -5)).
3
Calculate 15 + -12 - (1 + 1).
1
What is -3 + -5 + (-6 - -10)?
-4
-1 + (3 - -1) + -3 + 3
3
What is 0 + -12 + 12 - (1 - 5)?
4
6 + -3 + (3 - (3 - 2))
5
0 + -3 + (1 - -18) + -18
-2
What is 3 + -2 + 5 + (-3 - 0)?
3
Evaluate 5 - (4 - -1 - 2).
2
-3 + (-6 + 0 - -5)
-4
Evaluate 1 + (3 - 7) - -4.
1
2 - -1 - (-2 - (5 - 5))
5
What is the value of (-19 - -15) + (3 - 1) - 2?
-4
Evaluate -10 + 3 + 19 - 6.
6
Calculate (-2 - (-11 - -4)) + -9.
-4
What is -5 + (10 - (14 + -4))?
-5
Evaluate 9 + -14 - ((-3 - 2) + 1).
-1
Calculate (9 - 1 - 6) + -8.
-6
-4 + (-1 - (3 - 7))
-1
Evaluate -3 + (15 - 3) + 2 + -7.
4
What is (2 + -4 - 0) + 6 + 1?
5
What is -2 + (-1 - 6) - (1 + -3)?
-7
What is (-19 - -11) + -2 + 4?
-6
What is the value of 0 - -6 - 6 - 1?
-1
7 - 3 - (-3 + 3 + 3)
1
8 - (0 + 3 + 0)
5
Calculate (22 - 18) + (-8 - (1 - -1)).
-6
Calculate -1 - (-5 - -3 - 4).
5
What is the value of -1 + 11 + (-13 - (-3 - 4))?
4
What is -6 + 1 + -1 + -4 + 9?
-1
9 - (7 - (4 - 14))
-8
0 - (0 + -2 + 1)
1
0 - (3 - (-3 - -4))
-2
(5 - (19 + -5)) + (1 - -3)
-5
What is 12 + -5 + -1 + -9?
-3
-12 - -5 - 5 - -1
-11
Evaluate -1 + 2 + -2 - (-9 + 7).
1
What is the value of (-4 - -8) + (-12 - -13)?
5
Calculate -1 - (1 - 1) - (62 - 61).
-2
What is 2 - (4 + 3 - 7)?
2
What is the value of -3 + 6 + -3 + -1?
-1
What is the value of (-7 - (0 - 5) - -3) + -6?
-5
What is the value of (-4 - 1) + -4 + 12?
3
What is the value of 4 + (1 - 2) - (2 + 1)?
0
Calculate (-21 + 13 - 2) + 8.
-2
Calculate 6 + 2 + -3 + 1 + -2.
4
Evaluate -1 - -1 - ((10 - -9) + -14).
-5
Evaluate (-14 - 2) + (1 - -7).
-8
-1 - -6 - (-4 + 15)
-6
What is 5 - (-5 - (-15 + 7))?
2
Calculate -2 + 2 - -4 - -1.
5
-9 + 8 - (3 - -2)
-6
Calculate (3 - -1 - 2 - -2) + 1.
5
Evaluate -7 + 2 - (8 - 12 - -5).
-6
What is the value of (1 - (-3 - -1)) + (-2 - 4)?
-3
What is the value of (2 - 1) + 3 + -7 + 1?
-2
(3 - 0) + (5 - 11)
-3
What is (13 - 15) + 6 - (0 + 4)?
0
Evaluate -7 - (-19 + (6 + -6 - -5)).
7
16 + 6 - 28 - (0 + 5)
-11
What is 12 + (-12 - -9) + -19?
-10
Calculate 0 + (4 - 4) - 4.
-4
Calculate 13 + (-9 - 3 - -6) + -7.
0
What is 3 - (4 + -6 + 5 + 1)?
-1
What is the value of (-2 - 2) + -2 - (5 - 15)?
4
Calculate -1 + 5 + -54 + 47.
-3
Evaluate (7 - -3 - -6 - 6) + -5.
5
Calculate 1 - (0 + 0) - (-3 - 1).
5
Evaluate -1 + (4 - 1) + -1 + -4.
-3
Calculate 2 + (-5 - (-6 - -3) - 1).
-1
Calculate 62 + -58 + -1 + 3 + -9.
-3
What is 0 - -1 - (0 + (-6 - -8))?
-1
What is 4 - (4 - 6) - 9?
-3
6 - (-3 + 6 + 0)
3
What is the value of 29 + -29 - (1 + -2 - -4)?
-3
What is the value of 3 + (-11 - (-7 - 1))?
0
What is the value of 2 + 1 + -2 + (-11 - -13)?
3
What is the value of (82 + -73 - (1 - -1)) + -2?
5
Calculate (-8 + 15 - 7) + 5 + 1.
6
-3 - ((0 - -1) + (4 - 0))
-8
(-139 - -131) + 10 + (2 - 2)
2
-1 + -2 + 7 + -3
1
What is 4 - (6 + 5) - -11?
4
Calculate (6 - 4) + -1 + 2 - 5.
-2
Evaluate (4 - -9 - 4) + -11.
-2
(-3 - (-16 + 8)) + -10 + -1
-6
Evaluate -5 - (6 + (-15 - -3)).
1
Evaluate 2 - (2 + -2 + -2).
4
-42 + 47 - (-1 - -4)
2
Calculate -8 + 8 + (-1 - -2).
1
(0 + 1 - (7 + -4)) + 1
-1
-8 + 8 + (-4 - 0) + 2
-2
Calculate 3 - (1 - -1) - (-3 + 1).
3
Calculate 32 + -21 + 4 + -10.
5
Evaluate -4 - -2 - (-26 - -22).
2
Evaluate -8 - -11 - (2 - -3) - 6.
-8
What is 2 + (-15 - -8) + 2?
-3
What is the value of 0 + (3 - (-2 - (-11 + 5)))?
-1
Calculate 4 - (1 + (5 - (2 + 0))).
0
-11 + (-6 - -25) - 15
-7
4 + (4 - (-1 + 3)) + -5
1
What is -6 + 5 + 1 + -2?
-2
-3 + (-2 - -7) + -2 + -5
-5
Evaluate -25 + 19 + (1 - -2 - -11).
8
Evaluate (23 - 14) + -14 + 6.
1
Calculate -2 - ((4 - 1) + (17 - 23)).
1
What is -10 + (6 - (-15 + 10))?
1
-1 - -20 - (4 + 8)
7
What is the value of 2 + (2 - (9 + -4))?
-1
2 + (2 - 11 - -5)
-2
21 + -19 + -1 + 2 + 0
3
What is the value of (3 - 1 - 6) + 0?
-4
Evaluate -4 - (-1 + 0) - (-19 + 14).
2
Calculate 4 + -4 + (-1 - -7) - 5.
1
11 + -11 - (-1 + 3)
-2
Calculate 1 + 24 + -9 + (1 - 6).
11
What is -2 + (6 + -11 - -1) - -3?
-3
Calculate 8 - (0 + (-6 - -14) + -11).
11
What is the value of -4 - ((2 - 3) + -6 + -2)?
5
Evaluate (-7 - 0) + 0 + (4 - 1).
-4
Evaluate -4 + (6 + -2 - -1).
1
Evaluate -1 + (11 + -8 - (4 + -1)).
-1
Evaluate 5 + -1 + -9 - (-6 - 0).
1
What is -10 - (4 - (14 - 1))?
-1
What is 1 + (0 + (2 - -4) - 10)?
-3
Evaluate (2 + -4 - -5) + (-1 - 5).
-3
5 + -4 + 10 + -6 + -7
-2
Evaluate 6 + -5 - (4 + 1 + 1).
-5
What is the value of 1 - -4 - (7 + (-9 - -6))?
1
Evaluate -5 + 21 + -11 + 5.
10
What is the value of -3 + 6 - (-5 - -8) - 5?
-5
What is -7 - ((5 - 1) + -7)?
-4
What is (1 - 7) + (-1 - -3)?
-4
(-17 - -8) + (8 - (1 + -1))
-1
What is 0 + 0 - (-3 + 6 + -4)?
1
2 + (-2 - (-2 + 0))
2
-4 - ((-3 - -3) + -1 - 3)
0
What is the value of -5 + (-4 - -9) + 3 - 7?
-4
(-5 - (4 - 8)) + (3 - 6)
-4
What is -4 + 10 - (1 - -6) - -1?
0
What is the value of -3 + (-3 - -7) + -4?
-3
Evaluate -3 - (-2 - -2 - 2) - -5.
4
What is 9 + (0 + 1 + -7 - -2)?
5
Evaluate 4 - ((1 - -1) + 7).
-5
What is the value of (-3 - 1) + -5 + 1 + 9?
1
(7 - 2) + (-6 - -1) - 1
-1
Evaluate (3 - (4 + 0)) + -2 - -8.
5
Evaluate 1 + (6 - (5 + 0 + -3)).
5
What is 0 + -3 + -1 - -3?
-1
Evaluate 3 + -17 + 0 + (3 - -4).
-7
What is the value of 1 + (-7 - 3) + 5 + 3?
-1
What is 13 + (-15 - -1 - (-3 + -4))?
6
Calculate 4 + -5 + 3 + 3.
5
What is 0 - 2 - (-3 + 1)?
0
-2 + 3 - (-11 - (-13 + 6))
5
Calculate -2 + 2 - 3 - (2 + -6).
1
What is the value of (-14 - -22 - (0 - -4)) + -4?
0
What is -5 + 1 - 6 - -17?
7
Evaluate -11 - (3 + -17) - (7 + 0).
-4
Calculate -1 + (4 - -1) - 1 - 2.
1
What is the value of -2 - (-10 - -22 - 18)?
4
Calculate (5 - 6 - (4 - -1)) + -1.
-7
Calculate -4 + -5 + 3 - -1.
-5
What is -4 + (2 - (0 - 6))?
4
Calculate (-5 - -4 - -2) + (16 - 10).
7
What is the value of 4 - (9 - (6 - 3))?
-2
What is 10 + (15 - 12) - (6 - -2)?
5
Evaluate (6 - (5 - 0)) + -3.
-2
What is -2 + (-4 - -10) + 3?
7
-7 - -6 - (-13 + 11)
1
What is -4 - (5 - (5 + (7 - 5)))?
-2
Evaluate -9 + (0 - (-17 - -12)).
-4
3 + -3 + 3 - (-3 + 2)
4
What is (0 - (-5 + 13)) + 14?
6
What is the value of (-6 - (-10 - 4) - 3) + 3?
8
What is the value of 4 - (-10 + 1 - -4)?
9
Evaluate 2 + 4 + (-2 - 1) - 8.
-5
-4 - (-7 - (2 - (3 - 2)))
4
-5 - -3 - (2 - (-2 - -2))
-4
Calculate -13 + (-9 - (-6 + -14)).
-2
14 + -4 + (-6 - 7)
-3
Evaluate -1 - (-2 - (-4 + -2 + 3)).
-2
What is the value of -4 + 0 - (-10 - 0) - 4?
2
Evaluate (-4 - (-7 + 2)) + -1.
0
3 - ((2 - 2) + 6 + -6)
3
Calculate 1 + -1 + -2 + -2.
-4
1 + -3 + -5 + 3 - -1
-3
Calculate 53 + -33 + (6 - 17).
9
2 - ((-3 - 1) + 2)
4
-1 - (-2 + -2 - (-6 + 0))
-3
Calculate 0 - (1 - (-4 - -1)).
-4
Evaluate (-10 - -18) + (-6 - 0).
2
4 + (-4 + 3 + 6 - 6)
3
Evaluate -3 + (2 - 3) + -2.
-6
1 + -11 + 12 + -10
-8
Evaluate 0 + (11 + -12 - (1 + -3)).
1
-6 - (-13 + 2) - (3 - 0)
2
What is the value of (5 - -4) + -12 + 0 + 8?
5
What is the value of (0 - -1) + 75 + -69 - -2?
9
3 + -5 - (19 - 27)
6
What is -1 - 2 - -4 - (4 + -1)?
-2
Evaluate -7 + 14 + (-1 - -5 - 5).
6
What is the value of -5 + 15 + 3 + -9?
4
-11 - (-8 + 9 + -5)
-7
What is 3 - ((-2 - 5) + 14)?
-4
Calculate (7 - (-1 - (1 - 4))) + 2.
7
-28 - -24 - (-1 + -1)
-2
What is the value of (1 -